 Let y = 161 - h. What is the hundreds digit of y?
3
Let f(k) = 406*k - 2586. What is the hundreds digit of f(11)?
8
Let r be ((-42)/5)/((-36)/90). Suppose -8*c = -r*c + 7748. What is the hundreds digit of c?
5
Suppose 24*s - 114 = 5*s. Let d(r) = 51*r - 166. What is the hundreds digit of d(s)?
1
Suppose -5*h = 5*l - 370, h + 130 = 4*l - 166. Let x(t) = -21*t + 679. Let p be x(24). Let r = p - l. What is the tens digit of r?
0
Let d(a) = 43*a - 55. Let r(b) = 2. Let x(y) = d(y) - 6*r(y). What is the units digit of x(7)?
4
Let i(v) = -v**3 - 9*v**2 + v - 11. Let b be i(-8). Let x = b + 442. Let p = 535 - x. What is the hundreds digit of p?
1
Suppose 798342 = 1044*p - 987*p. What is the hundreds digit of p?
0
Suppose 3*z - 2*h - 33 = 125, 0 = -3*z + h + 154. Suppose -5*b - 40 = -r, 2*r - z = 4*b + 24. What is the tens digit of r?
3
Suppose -64 = -3*r + 104. Let k be (-206)/(-14) + 16/r. Suppose -k*b + 433 = -287. What is the tens digit of b?
4
Suppose 0 = -3*z - t + 2124, -3*t + 5 - 14 = 0. Suppose 8*g = 2395 + z. What is the hundreds digit of g?
3
Suppose 2*a - 16 + 5 = -b, 4*b = a + 17. What is the tens digit of 5 + 5 - a/(-3)?
1
Let b(y) = 70*y**3 - 9*y - 10*y**2 - y**2 + 0*y + 33 - 69*y**3 - 4. Let t(o) = o**3 + 5*o**2 - 4. Let n be t(-4). What is the tens digit of b(n)?
6
Suppose -2796*p + 1159686 = -2763*p. What is the tens digit of p?
4
Suppose 5*z - 5*q - 1204 = 1401, z + 2*q - 518 = 0. What is the tens digit of z?
2
Let d be 2 - (1 + -361 + -2). Suppose -12*w + 10*w + d = 0. What is the units digit of (-6)/4 + w/4?
4
Suppose -4*n = -0*n + 2*t + 138, -5*n = -t + 176. Let i be 2/2 - n/(-7). What is the units digit of ((-2)/i)/((-2)/(-20))?
5
Let b(s) = -14*s**3 + 17*s**2 + 47*s + 222. What is the tens digit of b(-16)?
6
Let j(o) = -29*o + 32 + 34*o + 25 - 47*o - 8. What is the tens digit of j(-7)?
4
What is the tens digit of 390/(-26) - -6516 - 4?
9
Suppose 0 = 5*u - 6*u + 12. Let c(y) = -4 - 19 + 1 + 8 + 22*y. What is the tens digit of c(u)?
5
Let d = -50293 - -126272. What is the thousands digit of d?
5
Suppose 5*o = -100*q + 95*q + 10185, -2*o - 2025 = -q. What is the thousands digit of q?
2
Let g be (-14)/(-21) - 25/(-3). Let q(o) = 0*o**2 + 7 + 5*o - g*o + o**2 - o. What is the tens digit of q(-7)?
9
Suppose r - 1040 = 5*f + 490, f = -3*r - 322. Let h = f - -542. What is the tens digit of h?
3
Let m(i) = 4*i**2 + 3*i - 10. Let g be m(3). Let z = g - 11. Suppose -2*v + 44 = -z. What is the units digit of v?
4
Suppose -a - 34*x = -45*x - 19806, -3*a + 59494 = 5*x. What is the ten thousands digit of a?
1
Suppose -d + 15555 = 2*d. What is the units digit of (17/(-5))/((-61)/d)?
9
Let k(i) = -29*i**2 + 21*i + 30. Let q(c) = 13*c**2 - 10*c - 14. Let a(t) = -6*k(t) - 13*q(t). What is the units digit of a(14)?
8
Suppose -2*j = 0, -4*j + j + 53972 = 2*v - 5*j. What is the ten thousands digit of v?
2
Let f(y) = 3*y**2 + 46*y + 40. Let w be f(-18). Suppose 2*j + 18 = 2*n - 74, 3*j - w = -4*n. What is the units digit of n?
6
Suppose -80*i + 1994390 = -5*i + 50990. What is the units digit of i?
2
Let k(a) = -80*a + 7. Let w(b) = -79*b + 8. Let o(m) = -6*k(m) + 5*w(m). Let j(r) = r - 1. Let i be j(2). What is the units digit of o(i)?
3
Suppose -3*j - 12108 = 3*o - 47700, j + 47436 = 4*o. What is the tens digit of o?
6
Let g = 59 - 28. Let z(r) = 12*r - 119. What is the hundreds digit of z(g)?
2
Suppose 5*c - 62675 = -5*v, -27*c = -3*v - 22*c + 37629. What is the tens digit of v?
3
Let s = 11 + 30. Let z = s + -38. What is the units digit of (128/24)/(2/z)?
8
Let q = 30 + -24. Suppose 3*z + 18 = q*z. Suppose 0 = -4*o + z*o - 2. What is the units digit of o?
1
Let i(c) = 295*c. Let g be i(-1). Let b be ((20/(-3))/4)/(5/(-18)). What is the hundreds digit of b/(g/(-280) + -1)?
1
What is the thousands digit of ((-37)/(4403/(-116790)))/(6/336)?
4
Let u(t) = -30*t**3 + 2*t**2 + 4*t + 6. Let h be u(-4). Let p = 3453 - h. Suppose 4*r = 5*k - 482 + p, 2*r + 4*k = 508. What is the hundreds digit of r?
2
Let f(w) = 1029*w**2 + 82*w - 239. What is the tens digit of f(3)?
6
Let r(t) = t**2 + 20*t + 17. Let i(f) = f**2 + 10*f - 4. Let y be i(-8). Let l be r(y). Suppose l*s - 126 = 14*s. What is the tens digit of s?
4
Let f(t) = -19 + 6*t - 6*t - 3*t. Let i be f(-7). What is the units digit of (-700)/(-42) + i/6?
7
Let g = 22896 + -19627. What is the hundreds digit of g?
2
Let m(s) = -s**3 + s + 362. Let l be m(0). Suppose -6*r = -l - 154. What is the tens digit of r?
8
Suppose -g = 3*f - 4, -6 = -g + 3*f - 2. Suppose g*q = 4*j - 2660, -2*q = 10*j - 5*j - 3318. What is the hundreds digit of j?
6
Let x(i) = i**2 + 10*i + 25. Let m(h) = h**2 + 7*h - 5. Let y be m(-6). Let b be x(y). Let w = 38 - b. What is the units digit of w?
2
Let n = 6911 - -1929. What is the tens digit of n?
4
Let d = 123911 - 40613. What is the hundreds digit of d?
2
Let m(b) = -3*b**3 - 44*b**2 + 40*b + 2037. What is the tens digit of m(-33)?
1
Let d(i) = 61*i**3 - 14*i**2 + 41*i - 3. Let x be d(3). Suppose 0 = -4*s + x + 2535. What is the units digit of s?
4
Let g(u) = u**2 + 7*u + 9. Let n be g(-6). Let z be (-4)/12*(n + -3 + -18). Suppose -606 = -z*v + 228. What is the tens digit of v?
3
Suppose -52 = 2*p - 6*p. Suppose -17*c = -p*c. Suppose -5*i + c*i = -695. What is the units digit of i?
9
Suppose -n - 9*v + 4*v - 216 = 0, 2*v - 776 = 4*n. Let t = 829 - n. What is the hundreds digit of t?
0
Suppose -4*r + 172 = 3*q, 5*r = -q + 86 + 140. Suppose r*f - 47*f + 156 = 0. What is the hundreds digit of f?
1
Let o be (-4)/18 + (-1200)/(-54). Let u(x) = x**2 - 10*x + 34. What is the tens digit of u(o)?
9
Suppose -w - 137*a + 134*a + 4598 = 0, -5*a = 2*w - 9195. What is the thousands digit of w?
4
Let h = -233 - -102. Let s = h + 1385. What is the tens digit of 3 - ((-1)/(-4) - s/24)?
5
Suppose 85*u - 81*u = -13*o + 31623, -7947 = -u + 5*o. What is the tens digit of u?
2
Let i(o) = 2969*o**2 - 45*o - 131. What is the units digit of i(-3)?
5
Let f(q) = 173*q + 205. Let w(c) = 175*c + 204. Let k(s) = 7*f(s) - 6*w(s). What is the thousands digit of k(8)?
1
Suppose -2*v - 77282 = 984*b - 986*b, -5*v = -10. What is the thousands digit of b?
8
Let d be 7454 - (5/35 - 170/(-35)). Suppose -65 = 13*z - d. What is the hundreds digit of z?
5
Let s = -90 - -99. What is the hundreds digit of (-3)/s - (-947)/6*4?
6
Let g be ((-3)/9 + 0)*18/(-3). Suppose -m - g*m - 201 = 0. Let d = m + 105. What is the units digit of d?
8
Let f = -37 - -65. Suppose -3*c = -3*k - 30, -117*c + 119*c = k + 15. Suppose c*q - 167 = f. What is the tens digit of q?
3
Let n = -59 + 74. Suppose n*d - 7098 = 2052. What is the tens digit of d?
1
Let x(v) = -464*v + 90. What is the tens digit of x(-5)?
1
Suppose 10*s = 12*s - 4*u - 68, -2*s + 80 = -u. Suppose -s*k = -38*k - 1020. What is the tens digit of k?
5
Let o(w) = w**2 - 6*w - 22. Let u be o(9). Suppose u*a + 56 - 21 = 2*y, 4*y = -2*a - 38. Let i(r) = -22*r + 55. What is the hundreds digit of i(a)?
2
What is the hundreds digit of (5 - (7 + 6)) + 9027 + 6?
0
Suppose 2*x + 100 = -0*z + 5*z, -5*z + 100 = x. Suppose 24*w - 2196 = z*w. What is the tens digit of w?
4
Let c be 621/6*(-10)/(-5). Suppose -4*p - 5*l + 2 = -c, 4*l + 12 = 0. Suppose 0 = 3*h - p - 220. What is the units digit of h?
2
Let q = -10386 + 18101. What is the units digit of q?
5
Suppose 66*u = -29*u + 270940. What is the thousands digit of u?
2
What is the units digit of -3*(-6)/(-117) + 500868/26 + 10?
4
What is the thousands digit of -63*5/(-75)*7545?
1
Let r(s) = 353*s**2 + 8*s + 9. Let i(g) = 354*g**2 + 7*g + 8. Let t(w) = 3*i(w) - 2*r(w). What is the units digit of t(-2)?
0
Suppose -3*k + t - 2*t + 344 = 0, -k + 104 = 3*t. Suppose n + 3*n = 4*s - k, -2*n - 64 = 4*s. What is the tens digit of ((-24)/n)/(-1 + 51/50)?
4
Suppose 19 - 105 = 43*t. Suppose 65 - 263 = -3*x. What is the tens digit of x + (-1 - t)*0*1?
6
What is the units digit of 7 + -2 - ((-28560)/(-8 + 16) - -11)?
4
Let a = -6997 + 21205. What is the thousands digit of a?
4
Let r(s) = -43*s - 66. Let z be r(-2). What is the units digit of (z/(-90))/(-1) - 6469/(-9)?
9
Let f(t) = 46*t - 161. Suppose 0 = -s + b + 30 - 7, 3*s - 61 = 5*b. What is the tens digit of f(s)?
8
Let a = -95 - -104. Let y be (0 - (-6)/a)*(-1 - -10). What is the units digit of (